- 7*y + 5. Let z be l(4). Give b(z).
-8
Let j(l) = -20*l - 2. Let s be (-5 - (2 + -6))*-11. Let p(w) = 11*w + 1. Let k(b) = s*p(b) + 6*j(b). Suppose -22 = -u - 4*h, 5*u - 2*h - 6 = 16. Determine k(u).
5
Suppose 3*s = 2*s - 4*f + 28, -f = -5. Let t(u) = 5*u**2 + s*u**3 + u + 3*u - 7*u**3. Let h be -3 - (-1)/2*-2. Give t(h).
0
Let g(y) = -12*y**3 + 6*y**2 - 8*y + 13. Let c(w) = 11*w**3 - 5*w**2 + 7*w - 11. Let d(n) = 7*c(n) + 6*g(n). Calculate d(-1).
-4
Let j = 1 + 0. Let d be 0/((-3)/j - -2). Let o(s) = d*s - 1 + 6*s - 2*s. What is o(-3)?
-13
Let l(v) = v. Suppose 0 = a + 6 - 9. Let o be ((-12)/8)/a*-8. Suppose -4*b - 28 = -3*d, o*b = -2*d - b - 12. Give l(d).
4
Let u(q) be the second derivative of -q**4/12 + q**3/2 - q**2/2 + 29*q - 2. Let v be 3/(1/((-4)/6)). Let z = v + 3. Determine u(z).
1
Let q(t) be the first derivative of -t**4/24 + t**3/2 - t**2 + 27*t + 48. Let d(l) be the second derivative of q(l). Give d(0).
3
Let w(b) = -37*b - 29. Let z(r) = 13*r + 10. Let d(q) = -6*w(q) - 17*z(q). Give d(-5).
-1
Let b(i) = -44*i + 15. Let p(u) = -95*u + 31. Let x(y) = 13*b(y) - 6*p(y). Determine x(5).
-1
Let u(p) = -p**2 + p + 3. Let b = -33 - -36. Suppose -3*n - 17 = -5*k, 2*n - b = -n. Determine u(k).
-9
Suppose -5*n = -9*n + 12. Suppose 0 = n*r - 2*r + 3. Let z(d) = -d + 3. Determine z(r).
6
Let o(c) = 5*c - 1. Let g(a) = -11*a + 3. Let q(i) = 2*g(i) + 5*o(i). Suppose -10 = -2*p, 6*x - 4*p + 167 = 3*x. Let u = 52 + x. Give q(u).
10
Let v(k) = -2*k**2 - 25*k + 14. Let n be v(-13). Let x(i) = -20*i - 1. Determine x(n).
-21
Suppose -17 - 3 = -4*l. Suppose 0*t - 4*j = -3*t + 91, -t = 5*j - l. Suppose -10*i + 15*i = t. Let k(x) = -x + 9. Determine k(i).
4
Suppose 5*i = -5*f - 30, i = -f + 6*f + 24. Let g(m) = 10*m**2 + 2*m + 2. Calculate g(i).
10
Let l be (-1)/8*2 + 343/28. Let x(y) = -3 + 3*y**2 + 12*y + l*y - 21*y. Determine x(-4).
33
Let p = -94 - -104. Let u(n) = -12 - n**2 - 25*n + p*n + 2*n + 3*n. Calculate u(-8).
4
Let r(c) = 5*c + 6. Suppose -2*d = -5*i - 12, 3*i + 5 = 2*d + 1. Let w(a) = 11*a + 13. Let o(u) = d*w(u) + 9*r(u). Let y = -8 + 1. Calculate o(y).
-5
Let a(l) be the first derivative of -l**2/2 + 4*l + 1. Suppose -g - 3*z + 25 = -8*z, 4*z = -4*g + 4. Suppose 0*c - y + 30 = g*c, 3*y = c + 10. Determine a(c).
-1
Let k(m) be the third derivative of -m**4/24 + 2*m**3/3 - 61*m**2. Give k(7).
-3
Let f(q) be the third derivative of 1/3*q**4 - 10*q**2 + 7/6*q**3 + 1/120*q**6 + 2/15*q**5 + 0*q + 0. Give f(-7).
0
Let a be 13/(-11) + (-2)/(-11). Let m(g) = -5*g**2 + 6*g - 3. Let z(s) = s**2 - 6*s + 1 + 6*s. Let k(y) = a*m(y) - 6*z(y). Determine k(-6).
-3
Let k(u) = 7*u**2 - 20*u - 20. Let v be k(-1). Let f(x) = x - 2. Calculate f(v).
5
Let a be (-4 - -10)/((-3)/(-2)). Suppose -35 = a*q - 2*q - 5*u, -2*u + 10 = 0. Let f(d) = d. Let b(y) = -y. Let o(h) = q*f(h) - 6*b(h). Calculate o(1).
1
Let p(n) = -n - 12. Let d be p(0). Let y(w) = w**2 + 13*w + 12. Let j be y(d). Let i(k) = 5*k + j - 4*k - 2 + 6 + k**2. What is i(-3)?
10
Let x be ((-4)/3)/((-224)/(-840)). Let z(n) = n**3 + 3*n**2 - 9*n + 11. Determine z(x).
6
Let j(b) = -21*b - 1. Let v be (-1)/(-1 + 0 + -2 + 4). Give j(v).
20
Suppose 3 = -r - 7. Let i(j) = j**3 + 11*j**2 + 10*j - 6. Calculate i(r).
-6
Let o(d) be the third derivative of -d**5/60 + 5*d**4/12 + 8*d**3/3 + 12*d**2 - 6. What is o(13)?
-23
Let j(q) = -q - 2. Suppose 0 = 3*i - 2*z + 13, 14*i - 11*i - 5*z + 1 = 0. Give j(i).
5
Let r(y) = -y**2 + 9*y - 10. Suppose 10*g = 9*g + 3. Suppose 5*h - 2 = -g*s + 10, -s - 3*h = 0. What is r(s)?
-10
Let v(b) = 1 - 4*b + 2 + 0*b**2 - b**3 + 5*b**2. Let t = -61 - -65. Suppose -4*z - 2*i + 13 = 1, -28 = -5*z + t*i. Determine v(z).
3
Let q(h) be the second derivative of h**5/20 + 7*h**4/12 + 7*h**3/6 + 7*h**2/2 - 147*h. Let z = 9 - 15. Determine q(z).
1
Suppose -141*b = -165*b + 216. Let s(q) = q**3 - 9*q**2 + 4*q - 27. Calculate s(b).
9
Let w(r) be the second derivative of r**4/6 + 4*r**3/3 - 7*r**2/2 - 124*r + 1. Calculate w(-7).
35
Let w(h) = 9*h**3 - 9*h**2 + 2*h - 1. Let u(q) = 7*q. Let i be u(1). Let j(a) = 5*a**3 - 4*a**2 + a - 1. Let r(p) = i*j(p) - 4*w(p). Determine r(8).
-11
Let l = -32 + 37. Suppose 3*u + 3*v + 21 = -u, -2*u + 9 = -l*v. Let s(m) = -m**2 - m + 3. What is s(u)?
-3
Suppose -5*c = -2*t + 20 - 0, -4*t + 30 = -5*c. Let l(g) = 2*g - 15*g + 6*g + 6*g + 1 - 4*g**2. Determine l(c).
-13
Suppose 0 = 2*o + 3*o - 20, 3*o - 4 = -4*g. Let k(b) be the first derivative of -b**4/4 + b**2 - 272. Give k(g).
4
Let v(y) be the third derivative of y**6/30 - y**5/20 + y**4/24 - y**3/3 + 199*y**2 + 1. Give v(2).
20
Let w be (4 + 2)/((-15)/(-10)). Let d(j) = -5*j - 5. Give d(w).
-25
Let p(q) = q**2 + 6*q - 3. Suppose -3*s + 6 = 3*u + 42, 0 = 5*s + 25. Calculate p(u).
4
Let w be 20 - (4 - (1 - 0)). Let z(q) = -4*q**2 + 6*q + 6. Let n(f) = 13*f**2 - 17*f - 17. Let j(r) = w*z(r) + 6*n(r). Determine j(-1).
10
Let k(g) be the third derivative of -g**6/360 - 7*g**5/120 - g**4/6 - 7*g**3/3 - 9*g**2. Let h(a) be the first derivative of k(a). Determine h(-6).
2
Let c(f) = -10*f**3 - f**2 + f. Suppose -33*y = -32 - 1. What is c(y)?
-10
Let a(f) be the first derivative of f**2/2 - 6*f + 205. Suppose -18 = -5*q + 12. Calculate a(q).
0
Let l(f) be the first derivative of 3*f**4/4 - f**3/3 + f**2 - f + 173. Suppose 0 = -0*r + 2*r - 4. Let h = r + -1. What is l(h)?
3
Let f(k) = k**3 + 19*k**2 - 21*k - 4. Let w be f(-20). Suppose 6*l + 70 = w*l. Let s(j) = j**2 - 7*j - 9. Give s(l).
-9
Let m(z) = 2*z + 4. Suppose 0*o = -5*o. Let x be (3 + -3)/(-2) - -15. Suppose 7*v - 12*v - x = o. Determine m(v).
-2
Let w(n) = -2*n**2 - n - 1. Let r(u) = -6*u**2 - 5*u - 5. Let q(d) = -2*r(d) + 10*w(d). What is q(2)?
-32
Let u(n) = n**3 + 6*n**2 + 9*n + 2. Let g be u(-4). Let p be (-3)/2*(2 + g + 2). Let m(s) = -3*s + 8*s + 4 - 4*s. What is m(p)?
1
Let l be 30/4*4/(-5). Let h(k) = -2*k - 6. Let z be h(l). Let j(t) = t**2 + 2*t + 3. Let i(g) = -3*g**2 - 2*g - 6. Let a(o) = -2*i(o) - 5*j(o). Give a(z).
-3
Let u(q) = -q**3 + 7*q**2 + 6*q - 3. Suppose -33*l + 39*l = 42. What is u(l)?
39
Let p = -76 - -72. Let g(j) = 2*j + 3. Calculate g(p).
-5
Let v(p) = p**3 - 9*p**2 - 9*p - 3. Let k(m) = 2*m**3 - 18*m**2 - 18*m - 7. Let l(h) = 2*k(h) - 5*v(h). What is l(10)?
-9
Let n(d) = -d - 9. Let g be (2/1)/((-8)/(-16)). Let w(f) = -f**3 + 5*f**2 - 7*f + 6. Let i be w(g). Determine n(i).
-3
Let c(s) = -s - 6. Let z be c(-3). Let x(p) = -p**2 - 5*p - 2. Let d be x(-4). Let h(f) = -3 + 4*f + 6*f**d - 3*f**2 - 2*f - 2*f**2. Calculate h(z).
0
Let p(k) = 2*k**3 + 6*k**2 - 20*k**2 + 9*k**2 - 5 - 3*k**3 + 4*k + 0*k**3. Let h be (-1)/(-5) + (-124)/20. Give p(h).
7
Let j(u) = 5*u - u**2 + 3*u + 0 - 3. Suppose -27*b = -111 - 78. Give j(b).
4
Let r(f) = -6*f**3 + 3*f**2 - 2. Let n = 504 + -506. Calculate r(n).
58
Let p(x) = 3*x - 6. Let t(o) = 0*o + 4*o - 4*o - 5*o - 9. Let z be t(-3). Give p(z).
12
Let p = 251 - 247. Let i(u) = 2*u + 6. Let f(y) = y. Let s(w) = -6*f(w) + i(w). Determine s(p).
-10
Suppose o - 10 = -2*t, 2*o - 2*t - 3*t - 2 = 0. Let l(x) = -7 + 3*x + o + 1. Calculate l(1).
3
Let f(a) = -5 - a**2 + a**3 - 9 + a + 4. Let n = 33 - 17. Suppose 0 = -n*z - 9*z + 23*z. Calculate f(z).
-10
Let d(f) = 9*f**2 + 2*f - 1. Let i = 65 + -154. Let u = 90 + i. Give d(u).
10
Let t = 1219 + -1219. Let r(j) = -j**2 - j - 38. Give r(t).
-38
Let w(k) be the first derivative of -k**2/2 - 7*k + 40. Calculate w(0).
-7
Let z(g) = 17*g - 21. Let c(o) = -5*o + 7. Let s(l) = 7*c(l) + 2*z(l). Calculate s(13).
-6
Let g(k) = -3*k**2 + 2*k**2 - 12296 - 7*k + 12312. Calculate g(-8).
8
Let p(y) = y**2 + y - 2. Suppose 0 = -5*x + 4*b - 2, -4*x + 4*b + 1 = 5. Suppose 2*o + 8 = 0, 5*i = -2*o - x*o - 26. What is p(i)?
0
Let x(i) = -7*i - i**3 - 5*i**2 + i - 1 + i. Let b be (-4)/8*(-9 + 1). Suppose b = 46*v - 47*v. Calculate x(v).
3
Let c(f) = 5*f**3 + 37*f**2 + 4. Let q(s) = -3*s**3 - 24*s**2 - 3. Let z(i) = 5*c(i) + 8*q(i). What is z(7)?
-4
Let n(a) = -a - 21. Let b be 5 + (-2)/9 + (-86)/18. Determine n(b).
-21
Let l = 211 + -209. Let w(b) = -5*b**2. Determine w(l).
-20
Let k(p) be the first derivative of -p**7/840 + p**6/60 + p**5/60 - 3*p**4/8 - 6*p**3 - 43. Let b(f) be the third derivative of k(f). Give b(6).
3
Let n(c) = -1 - 40*c + 47*c + 3. Let m be (2/(-4))/((-